
Evaluate (-3 + 6 - 6 - -1) + 3.
1
What is (-5 - (4 - 10)) + 7?
8
What is (3 + 2 - (8 - 4)) + 1?
2
What is the value of 5 + -1 - (0 + 0)?
4
(-16 - (-1 - 0)) + (51 - 43)
-7
What is -5 - (10 - 4) - -7?
-4
6 + -7 - (-8 - (1 + -3))
5
What is the value of 0 - ((4 - 1) + -1) - 1?
-3
What is 0 + -4 + (11 + -9 - -2)?
0
(11 - 7) + -7 + 7
4
What is the value of 3 + 1 - -4 - 3?
5
Evaluate -3 + (-6 - (-4 - 0) - 3).
-8
Calculate -117 - -120 - (-5 - (1 - 2)).
7
What is 3 + 1 + (-1 - 2) - 2?
-1
Calculate (38 - 47) + (6 - 0) - 3.
-6
What is the value of (4 + -8 + 7 - 13) + 3?
-7
What is the value of 5 + 1 - (57 - 53)?
2
(1 - 1) + 0 - (150 - 150)
0
What is the value of 13 - 8 - ((0 - -3) + 0)?
2
2 - (-2 + 2 - (8 + -11))
-1
Evaluate -3 + (-3 - (-8 - (-2 + 2))).
2
Evaluate 11 + 2 + -16 - (7 + -4).
-6
What is the value of 4 - (18 - 9 - 3)?
-2
Calculate 0 + (0 + 1 - (13 - 14)).
2
-1 - (4 - 3 - 3)
1
Calculate 5 - 3 - -2 - -1.
5
Calculate -14 + (5 - -8) + 4 + 1.
4
Calculate (-3 - 6) + 15 + (0 - 0).
6
Calculate -4 + -1 + -5 + 11.
1
What is 4 + -3 + -1 - (1 + -3)?
2
Calculate 1 + (2 - -1) + 1.
5
1 + 1 - -1 - (-21 + 21)
3
Evaluate (0 - -2 - 1) + 1 + -3.
-1
What is the value of -5 + (5 - 2) - -2?
0
(1 + -7 - 3) + 5
-4
What is (0 - 1 - (0 + -7)) + -3?
3
-5 - (-7 + (-1 - 1))
4
What is (7 + -9 - 6) + 6?
-2
What is (3 - 7) + 4 + -1?
-1
What is (-3 - 4) + 3 - -3?
-1
What is (0 - 2) + 4 + 3?
5
What is -2 - (2 - (3 + -2))?
-3
Evaluate -23 + 26 + -4 + 3.
2
What is the value of 0 - ((-3 + 3 - 1) + 0)?
1
Calculate (-1 - -1) + -1 + 0.
-1
(4 - 2) + (3 - 8) + -2
-5
What is -1 - (-4 - -8 - 4) - 1?
-2
Calculate -6 + 2 - (-12 - (1 + -4)).
5
What is the value of -14 + 21 - (12 + 1)?
-6
Calculate (7 - (6 - 7)) + -6.
2
What is (-2 - (-2 + -5)) + -3?
2
32 - 26 - (1 - -1)
4
What is the value of 16 + (-6 - 5) + (0 - 0)?
5
Evaluate -10 - -1 - (-1 - 1) - -3.
-4
2 + -5 - (7 - 13)
3
Evaluate (-2 + 3 - -4) + -4 + 1.
2
Evaluate (-11 + 5 - -12) + -11.
-5
Calculate 0 + 8 + 30 + -33.
5
Evaluate 5 - (5 + -2) - -2 - 2.
2
(-10 + 2 - -7) + -1 + 0
-2
What is -24 + 21 - (10 - 5)?
-8
-3 - (-1 - (1 - 2))
-3
What is 9 + 0 - (57 + -53)?
5
Evaluate (-154 - -152) + (7 - 0).
5
Calculate -7 - (-3 - -4) - (-4 - -1).
-5
What is the value of 6 + (-6 - (4 + -8))?
4
(1 - (0 - 3)) + -10 + 3
-3
What is -1 - (-1 - (1 + -1))?
0
Calculate (5 - 0) + 22 + -34 + 6.
-1
Calculate 9 + (-1 - (-1 - -1)) + -1.
7
What is the value of -15 - (-7 + 6) - -8?
-6
Calculate 16 + -16 + 0 + 2 + 1.
3
What is the value of 8 + 3 + -1 + -4?
6
What is the value of 2 - -2 - (10 + -4) - -1?
-1
What is the value of 2 + 6 - ((4 - 2) + -3)?
9
3 + (0 + -4 - -2) + -4
-3
(-9 - -6) + -5 + 10
2
Calculate (-4 - -3 - (-22 + 14)) + -11.
-4
Evaluate (1 - -1) + (-3 - 3 - -2).
-2
(1 - 4) + (1 - (-1 - 5))
4
1 - (-4 - 0 - -2)
3
(2 - 1) + 0 + -15 + 20
6
Calculate 0 + -12 + 119 + -110.
-3
What is -6 + (-6 - -6) + 8 + -4?
-2
What is the value of -3 + 15 + -10 + 3?
5
Calculate 1 + 4 + (-2 - 0) + 0.
3
What is 7 - (1 - (-3 - 0))?
3
(3 - (-1 + 0)) + -52 + 43
-5
Evaluate 3 + (-1 - (-2 - -6)) - 3.
-5
What is 9 - (0 - -1) - 8?
0
Calculate 2 + -1 + (-4 - -1) + -2.
-4
Evaluate 5 - (0 + 6 + -5 + 8).
-4
Evaluate 3 - 2 - (9 + -6) - -5.
3
(1 + -1 - (-50 - -59)) + 18
9
What is the value of 75 + -70 + 0 + 0?
5
What is 3 + 9 + 2 + -9?
5
Evaluate 3 + (1 - 8) + 4 + 2.
2
What is the value of -10 - ((-5 + -2 - -4) + -2)?
-5
1 - ((0 - -3) + -6)
4
Evaluate -6 + (-6 - -6) + -2 + 0.
-8
3 + (16 + -11 - (2 + 1))
5
Calculate 6 + -3 + (-9 - -5) - -3.
2
Calculate 10 - (5 - -3 - 3).
5
(-9 + 10 - -2) + -2
1
Evaluate -23 - -4 - (30 - 42).
-7
Calculate -4 + -2 + (-4 - -6) + 2.
-2
(0 - 0) + -5 + 6
1
What is the value of (17 - 19) + (-2 - 4)?
-8
Evaluate -2 - (1 + -6 + 1 + 0).
2
What is the value of 6 - ((14 - 5) + -11)?
8
Calculate -4 + 0 + (4 - 0).
0
What is the value of -2 + -1 + 26 + -25?
-2
Calculate 4 + -9 + 1 - -11.
7
3 + (0 - -4) + -5 + 2
4
-7 + 6 - (3 - 0)
-4
Evaluate 3 + (3 - (-1 - (-3 - 4))).
0
What is 1 + (7 - (3 - (1 + -1)))?
5
Calculate 3 + (-2 - (-7 + 4)).
4
Evaluate (5 - 1) + -3 + 0 - 10.
-9
What is the value of 2 - (-2 + -1 - (-25 + 19))?
-1
What is 6 + -2 + (-2 - 0) + -2?
0
Evaluate (10 + -3 - 7) + -6 + 0.
-6
Evaluate 10 + -22 + 2 + 3.
-7
Evaluate -5 + (2 + -1 - 0).
-4
Evaluate -6 + 3 + 4 - -2 - 5.
-2
Calculate -13 - (-9 - (-2 + -4)).
-10
What is 16 + -14 + -3 + 8?
7
What is the value of -1 - (0 - -3 - (-3 + 9))?
2
What is 4 - (-2 - -1) - 1?
4
-9 - (-3 + 2) - (-24 - -21)
-5
What is 2 + 1 - (3 - 1 - 0)?
1
Evaluate 9 + -5 + (2 - 0).
6
Evaluate 4 - 1 - (-40 + 42).
1
Evaluate 72 - 60 - (-1 + 11).
2
What is (22 - 28 - (0 + 1)) + 7?
0
What is -4 - -2 - (-6 - -5) - 7?
-8
Evaluate -3 + 2 - (5 - 8).
2
-47 + 44 - (1 + -9) - 13
-8
What is the value of (9 - (3 + 1)) + 0 - -3?
8
Evaluate 178 - 168 - (1 - -5).
4
Calculate -1 - (3 - 0 - 2).
-2
Calculate 1 - (1 - -1 - (8 - 10)).
-3
What is the value of (-1 - -1) + -7 + 11 + -3?
1
What is the value of 2 - (0 + -2 - (8 - 13))?
-1
What is the value of 5 - (2 + (-1 - 1) + 3)?
2
(8 + -1 + 1 - 0) + -6
2
Calculate 11 + 4 + -9 + -8.
-2
What is -2 + (0 - (-3 - 2))?
3
3 + -1 - (-5 - (7 + -12))
2
What is the value of -3 + 10 + 9 + -21?
-5
What is the value of -8 - ((-4 - 12) + 9)?
-1
Calculate 1 + 3 - 3 - (2 + -2).
1
0 + (-11 - -3) + 3
-5
(1 - 0 - -3) + -9
-5
What is 0 + 5 + -5 + 4?
4
Evaluate 63 + -61 + (-2 - 0).
0
Evaluate -1 - (-4 + 2) - (-53 + 51).
3
Calculate (-5 - -8) + 1 + 1 + -3.
2
Calculate 6 - (-17 + (14 - 0)).
9
What is the value of -8 + 2 + 2 + 5?
1
Evaluate (-7 - -12) + -11 - (1 + 0).
-7
What is -64 + 61 - (-2 - -1)?
-2
What is (34 - 41) + (0 - -1)?
-6
Evaluate (2 - 1 - (1 - -4)) + 1.
-3
Calculate -3 + -3 + 7 + 0.
1
What is -3 + (6 + -1 - -1)?
3
What is the value of (-4 - (12 - 10)) + 0?
-6
(-18 - -4 - -26) + -16
-4
-6 + 7 + -3 - -4
2
Calculate -4 + (2 - (-1 + 4)).
-5
Calculate (4 + 2 - (1 + 1)) + -9.
-5
-5 + 0 - (-23 + 21)
-3
Calculate 12 + (15 + -1 - 20).
6
-2 + 0 + (1 - 1) + 5
3
What is -1 + 3 + -1 + -4 + -2?
-5
Calculate -2 - (-10 + 9 + -4).
3
Calculate 1 - (-3 - 0 - -9 - 8).
3
Evaluate 1 + (-1 - -4 - (16 - 9)).
-3
Evaluate -4 + 2 + -3 + -5 + 2.
-8
What is -4 + 4 + -2 + -1?
-3
What is the value of -1 + 9 + (8 - 14)?
2
Evaluate -1 + 4 + (-1 - (4 - 7)).
5
What is -1 - 14 - (-2 + -15 + 12)?
-10
Calculate 7 + (2 + -3 - 1).
5
What is 0 - ((1 - 1) + 6 - 3)?
-3
Evaluate -3 + -1 + 0 + 9 + -9.
-4
Evaluate -6 + 6 + (-5 - -3).
-2
Evaluate -3 + (8 + -2 - -1).
4
What is -6 - (0 + 7 + -8 - 1)?
-4
Evaluate -1 - (-5 - (-11 + 2) - 6).
1
What is 0 - (-4 + 3 + 1)?
0
What is the value of (-1 + 1 - 1) + -44 + 47?
2
What is 0 - (0 - (-2 - -3 - 2))?
-1
3 - 1 - (13 - 13) - 3
-1
Evaluate 1 + -8 + 2 + 0.
-5
Calculate (2 - -1) + -9 + 5 + -2.
-3
What is 4 + -9 + (-2 - -7)?
0
What is (-1 - -2) + (-33 - -36)?
4
What is (5 - -5 - 4 - 11) + 3?
-2
What is the value of 3 + 1 + (-6 - -1) + 4?
3
What is the value of 0 + 0 + -2 + 0 - -2?
0
(10 - -3) + -4 + -3
6
Calculate -2 + -3 + 0 + 8.
3
Evaluate (1 - 2 - -1 - 0) + -2.
-2
Calculate 5 + -1 - ((11 - 3) + -3).
-1
What is the value of (0 - -1) + 43 + -38 + -2?
4
0 + -11 + (-2 - -8) + 5
0
Calculate 0 + -5 + 4 - 0 - -4.
3
-5 + 0 + -2 + 6
-1
Calculate 4 - (-5 - (-3 + -2)).
4
What is the value of 1 - (8 + 0 + -3 + 0)?
-4
Evaluate 0 - (-3 + -2 + 4 + -2).
3
Calculate (7 + -8 + 4 - 11) + -1.
-9
Evaluate (-2 - (1 - 0)) + 6 + -5.
-2
Calculate -6 - ((4 - 11) + 2).
-1
Calculate 2 + -2 + (-14 - -12).
-2
Calculate -2 + (3 - 1) + -2 - -2.
0
Calculate -2 + -3 + (5 - -9) + -16.
-7
Calculate -1 + 2 + (18 - 13) + -3.
3
1 + (7 - (-6 - (-28 + 4)))
-10
What is the value of 7 - 1 - (0 + 0 + 2)?
4
What is the value of (-18 - -13) + 0 - (0 - 2)?
-3
-1 - ((3 - 4) + (1 - -3))
-4
What is 0 + 0 + -2 + 17 + -15?
0
7 + -1 - (9 + -5 + -5)
7
-2 + 5 + -7 - -7
3
Evaluate (-2 - (1 + -5)) + (5 - 7).
0
What is 18 - 13 - 7 - 0?
-2
Calculate 0 - (2 + 5 + 1 - 3).
-5
What is 6 - (13 + -9 - -5)?
-3
What is the value of -7 + (29 - 15) - -2?
9
Calculate 0 + -3 - (56 - 63).
4
Evaluate (3 - -11) + -6 + -4.
4
(-18 - -7) + -1 + 3
-9
What is 11 + 5 + -23 + (5 - 0)?
-2
Evaluate 1 - (3 - -5 - (-1 - -6)).
-2
(3 - -9) + -1 - 20
-9
What is 4 + -3 - ((3 - -4) + -7)?
1
What is -5 + (1 - -2) + -1?
-3
What is the value of (2 - (-2 + 4) - -1) + -3?
-2
(1 - -1) + -4 - 1
-3
Evaluate 6 - 